ded by 27?
6
What is the remainder when 220 is divided by 17?
16
Calculate the remainder when 311 is divided by 7.
3
What is the remainder when 11148 is divided by 30?
18
Calculate the remainder when 610 is divided by 36.
34
What is the remainder when 125 is divided by 23?
10
What is the remainder when 815 is divided by 22?
1
Calculate the remainder when 421 is divided by 253.
168
What is the remainder when 385 is divided by 132?
121
What is the remainder when 55 is divided by 33?
22
Calculate the remainder when 808 is divided by 116.
112
What is the remainder when 22 is divided by 9?
4
What is the remainder when 831 is divided by 52?
51
Calculate the remainder when 2047 is divided by 49.
38
What is the remainder when 81 is divided by 52?
29
What is the remainder when 156 is divided by 73?
10
Calculate the remainder when 1325 is divided by 8.
5
What is the remainder when 2991 is divided by 176?
175
What is the remainder when 1113 is divided by 100?
13
What is the remainder when 9072 is divided by 43?
42
What is the remainder when 617 is divided by 103?
102
What is the remainder when 29522 is divided by 11?
9
Calculate the remainder when 18783 is divided by 16.
15
What is the remainder when 1932 is divided by 383?
17
Calculate the remainder when 23 is divided by 7.
2
Calculate the remainder when 14 is divided by 9.
5
What is the remainder when 780 is divided by 78?
0
What is the remainder when 325 is divided by 194?
131
What is the remainder when 981 is divided by 273?
162
What is the remainder when 1092 is divided by 545?
2
What is the remainder when 148 is divided by 39?
31
Calculate the remainder when 53 is divided by 35.
18
What is the remainder when 230 is divided by 11?
10
What is the remainder when 1201 is divided by 14?
11
What is the remainder when 701 is divided by 37?
35
Calculate the remainder when 14846 is divided by 198.
194
Calculate the remainder when 18 is divided by 10.
8
What is the remainder when 598 is divided by 10?
8
What is the remainder when 1605 is divided by 431?
312
Calculate the remainder when 14565 is divided by 31.
26
What is the remainder when 896 is divided by 17?
12
Calculate the remainder when 357 is divided by 89.
1
Calculate the remainder when 465 is divided by 67.
63
What is the remainder when 1736 is divided by 116?
112
Calculate the remainder when 69 is divided by 56.
13
Calculate the remainder when 1397 is divided by 70.
67
Calculate the remainder when 725 is divided by 211.
92
Calculate the remainder when 613 is divided by 185.
58
Calculate the remainder when 228 is divided by 28.
4
What is the remainder when 398 is divided by 43?
11
What is the remainder when 3596 is divided by 40?
36
What is the remainder when 91 is divided by 11?
3
What is the remainder when 914 is divided by 303?
5
Calculate the remainder when 49 is divided by 32.
17
What is the remainder when 1633 is divided by 19?
18
Calculate the remainder when 1386 is divided by 58.
52
What is the remainder when 27240 is divided by 278?
274
Calculate the remainder when 350 is divided by 71.
66
What is the remainder when 1013 is divided by 341?
331
What is the remainder when 1449 is divided by 81?
72
What is the remainder when 176 is divided by 46?
38
What is the remainder when 177 is divided by 47?
36
Calculate the remainder when 1198 is divided by 1178.
20
What is the remainder when 490 is divided by 12?
10
What is the remainder when 3786 is divided by 1880?
26
What is the remainder when 89 is divided by 10?
9
What is the remainder when 81 is divided by 26?
3
Calculate the remainder when 600 is divided by 86.
84
Calculate the remainder when 5143 is divided by 30.
13
What is the remainder when 531 is divided by 57?
18
Calculate the remainder when 152 is divided by 14.
12
Calculate the remainder when 600 is divided by 43.
41
Calculate the remainder when 178 is divided by 45.
43
What is the remainder when 4687 is divided by 1562?
1
Calculate the remainder when 12956 is divided by 81.
77
Calculate the remainder when 87 is divided by 45.
42
Calculate the remainder when 622 is divided by 8.
6
Calculate the remainder when 357 is divided by 103.
48
Calculate the remainder when 431 is divided by 108.
107
Calculate the remainder when 2014 is divided by 56.
54
Calculate the remainder when 332 is divided by 13.
7
Calculate the remainder when 96 is divided by 49.
47
What is the remainder when 21006 is divided by 149?
146
What is the remainder when 1908 is divided by 190?
8
What is the remainder when 56011 is divided by 209?
208
Calculate the remainder when 3972 is divided by 15.
12
Calculate the remainder when 140 is divided by 61.
18
Calculate the remainder when 29 is divided by 10.
9
What is the remainder when 1522 is divided by 2?
0
What is the remainder when 9674 is divided by 25?
24
Calculate the remainder when 733 is divided by 15.
13
What is the remainder when 318 is divided by 26?
6
Calculate the remainder when 222 is divided by 23.
15
Calculate the remainder when 265 is divided by 85.
10
What is the remainder when 24989 is divided by 88?
85
Calculate the remainder when 958 is divided by 120.
118
What is the remainder when 4893 is divided by 75?
18
What is the remainder when 37619 is divided by 22?
21
Calculate the remainder when 13 is divided by 3.
1
What is the remainder when 7062 is divided by 45?
42
What is the remainder when 265 is divided by 52?
5
What is the remainder when 479 is divided by 32?
31
What is the remainder when 382 is divided by 82?
54
What is the remainder when 39 is divided by 23?
16
What is the remainder when 200 is divided by 102?
98
What is the remainder when 1441 is divided by 38?
35
Calculate the remainder when 1659 is divided by 550.
9
Calculate the remainder when 248 is divided by 66.
50
What is the remainder when 664 is divided by 108?
16
Calculate the remainder when 795 is divided by 115.
105
Calculate the remainder when 1538 is divided by 27.
26
What is the remainder when 129 is divided by 86?
43
Calculate the remainder when 391 is divided by 87.
43
Calculate the remainder when 613 is divided by 52.
41
Calculate the remainder when 91 is divided by 20.
11
Calculate the remainder when 3116 is divided by 104.
100
What is the remainder when 1398 is divided by 70?
68
Calculate the remainder when 336 is divided by 38.
32
Calculate the remainder when 326 is divided by 117.
92
What is the remainder when 586 is divided by 473?
113
Calculate the remainder when 101 is divided by 37.
27
What is the remainder when 71 is divided by 46?
25
What is the remainder when 96 is divided by 85?
11
What is the remainder when 100 is divided by 21?
16
Calculate the remainder when 967 is divided by 11.
10
Calculate the remainder when 2909 is divided by 71.
69
What is the remainder when 660 is divided by 23?
16
What is the remainder when 35 is divided by 20?
15
What is the remainder when 120 is divided by 11?
10
Calculate the remainder when 14841 is divided by 362.
361
Calculate the remainder when 112 is divided by 10.
2
Calculate the remainder when 3496 is divided by 22.
20
Calculate the remainder when 165 is divided by 16.
5
What is the remainder when 832 is divided by 412?
8
Calculate the remainder when 438 is divided by 18.
6
Calculate the remainder when 268 is divided by 16.
12
Calculate the remainder when 612 is divided by 200.
12
Calculate the remainder when 311 is divided by 167.
144
What is the remainder when 595 is divided by 13?
10
Calculate the remainder when 3698 is divided by 18.
8
Calculate the remainder when 829 is divided by 10.
9
What is the remainder when 3969 is divided by 23?
13
What is the remainder when 33 is divided by 10?
3
What is the remainder when 312 is divided by 45?
42
What is the remainder when 14571 is divided by 13?
11
Calculate the remainder when 5585 is divided by 1849.
38
What is the remainder when 104 is divided by 28?
20
What is the remainder when 1219 is divided by 27?
4
Calculate the remainder when 11 is divided by 6.
5
What is the remainder when 68 is divided by 3?
2
Calculate the remainder when 150 is divided by 12.
6
What is the remainder when 3643 is divided by 57?
52
Calculate the remainder when 374 is divided by 76.
70
Calculate the remainder when 379 is divided by 95.
94
What is the remainder 